)?
2
Let x(i) = 3*i**3 + 549*i**2 + 131*i + 23978. Determine x(-183).
5
Let g(i) = -30*i**2 - 4394*i + 203643. Give g(37).
-5
Let f(v) = 2*v**3 + 183*v**2 + 3152*v + 3237. Determine f(-69).
-6
Let h(i) = 30*i**2 + 275*i - 384. Determine h(-7).
-839
Let n(i) = i**3 + 542*i**2 - 12983*i + 6778. Determine n(-565).
-2
Let c(v) = -8*v**2 - 102*v - 387. Determine c(-4).
-107
Let n(l) = -5467*l + 142241. Determine n(26).
99
Let k(y) = -4*y**3 + 64*y**2 + 127*y - 3012. What is k(15)?
-207
Let a(n) = -n**3 + 9*n**2 + 157*n - 1064. Give a(6).
-14
Let w(r) = 96*r**2 + 218*r - 228. Calculate w(1).
86
Let j(n) = n**3 - 97*n**2 - 3256*n + 345910. Calculate j(91).
-72
Let q(n) = 2*n**2 - 847*n + 77422. What is q(290)?
-8
Let z(o) = -35*o**2 - 102*o + 1094. Give z(4).
126
Let r(g) = -18*g**2 + 1326*g + 404. Give r(74).
-40
Let l(q) = -8*q**2 - 89*q - 346. What is l(-11)?
-335
Let u(j) = -358*j + 9642. Determine u(16).
3914
Let m(f) = f**3 - 24*f**2 + 5326*f - 127849. Calculate m(24).
-25
Let o(j) = -3477*j + 347736. Give o(100).
36
Let t(k) = -2*k**3 - 96*k**2 - 10*k - 354. What is t(-48)?
126
Let s(l) = 1677*l + 11497. Determine s(-7).
-242
Let c(b) = b**3 + 91*b**2 - 486*b + 19899. Calculate c(-98).
299
Let j(h) = 3338*h + 1822545. What is j(-546)?
-3
Let m(l) = 2*l**3 - 339*l**2 - 501*l - 2032. Determine m(171).
20
Let v(y) = 111*y + 1054. Give v(-9).
55
Let d(o) = 328*o**2 + 26898*o + 147. Calculate d(-82).
-17
Let z(b) = -167*b**3 - 18*b**2 - 44*b - 22. Give z(-1).
171
Let i(w) = -377*w**3 + 6447*w**2 - 650*w + 33. Determine i(17).
-35
Let k(s) = -632*s - 78996. Give k(-125).
4
Let h(f) = -1818*f + 23572. Determine h(12).
1756
Let b(d) = 842*d + 2606. Give b(-3).
80
Let q(u) = 3999*u - 1263666. What is q(316)?
18
Let k(t) = -2048*t**3 + 12287*t**2 + 2*t + 37. Determine k(6).
13
Let l(i) = -3*i**3 + 31*i**2 + 97*i + 2. Calculate l(14).
-796
Let q(u) = 34255*u + 68512. Calculate q(-2).
2
Let v(o) = -2441*o + 24816. What is v(10)?
406
Let c(x) = -330*x + 1908. What is c(9)?
-1062
Let v(a) = -27*a**3 - 164*a**2 + 4*a + 34. Give v(-6).
-62
Let d(v) = 15463669*v - 77318346. Give d(5).
-1
Let b(t) = 2670*t**3 - 5*t**2 + 4. Determine b(-1).
-2671
Let s(g) = -174*g**2 - 1860*g - 4652. Determine s(-4).
4
Let i(o) = 56934*o - 113730. What is i(2)?
138
Let a(x) = 7*x**3 - 31*x**2 - 564*x - 534. Calculate a(-1).
-8
Let z(b) = -b**3 + 12*b**2 - 1562*b + 13823. Calculate z(9).
8
Let h(t) = t**3 - 333*t**2 + 11943*t + 8479. Give h(292).
11
Let w(f) = -21*f**2 - 1780*f - 31592. Determine w(-18).
-6356
Let x(a) = 55*a**2 - 158*a - 62. Give x(-3).
907
Let v(q) = q**2 - 844*q - 66967. Determine v(-73).
-26
Let g(u) = -3*u**3 - 700*u**2 - 2975*u + 432. Calculate g(-229).
-26
Let j(i) = -i**3 - 391*i**2 + 350532*i - 11. Give j(428).
-11
Let u(b) = -3*b**3 - 451*b**2 + 11763*b - 142. Give u(-173).
31
Let y(k) = -2*k**3 + 46*k**2 - 29*k + 101. Give y(22).
431
Let p(m) = -28*m**3 - 23411*m**2 - 2505*m + 2561. What is p(-836)?
53
Let l(j) = -32*j**2 + 62*j + 231. Calculate l(-3).
-243
Let g(k) = -3919*k - 82718. What is g(-21)?
-419
Let p(o) = 38*o**2 - 1188*o + 8051. Give p(10).
-29
Let n(t) = -2*t**3 + 98*t**2 - 262*t + 124. Determine n(46).
768
Let x(m) = -m**2 + 10*m + 1664. Give x(54).
-712
Let h(z) = 5726*z - 3474. Determine h(1).
2252
Let f(b) = -8130*b - 40598. Determine f(-5).
52
Let z(s) = -1085*s**2 + 7604*s - 64. Determine z(7).
-1
Let i(f) = -f**3 - 206*f**2 - 8659*f + 11356. What is i(-61)?
10
Let b(w) = 42*w**2 + 5012*w + 1576. Give b(-119).
-90
Let f(k) = 14*k**3 + 77*k**2 + 168*k + 32. What is f(-2)?
-108
Let b(j) = j**3 - 3*j**2 + 141*j + 485. Determine b(-3).
8
Let f(k) = k**3 - 26*k**2 + 25*k - 539. Give f(17).
-2715
Let o(q) = 5*q**2 + 573*q + 11095. Determine o(-89).
-297
Let x(k) = -k**2 - 1125*k - 64264. Calculate x(-60).
-364
Let p(j) = -5*j**3 + 629*j**2 - 3427*j - 6410. Calculate p(120).
-50
Let w(s) = -342*s**2 + 129620*s - 779. Determine w(379).
-21
Let u(d) = -61739*d + 4692174. Determine u(76).
10
Let s(g) = g**3 + 31*g**2 + 84*g - 1280. Determine s(-10).
-20
Let w(u) = -300*u**2 - 5069*u - 3. Give w(-17).
-530
Let w(i) = 1013*i**2 - 143*i - 139. Calculate w(-1).
1017
Let v(x) = -x**3 + 117*x**2 + 164*x - 19230. Calculate v(117).
-42
Let d(g) = g**3 + 115*g**2 + 119*g - 564. Give d(-114).
-1134
Let b(q) = 641*q + 38475. Give b(-60).
15
Let q(n) = n**3 - 36*n**2 + 106*n - 2359. Give q(34).
-1067
Let i(z) = -14285*z - 157162. Determine i(-11).
-27
Let b(p) = -p**3 - 6*p**2 - 18937*p - 208926. What is b(-11)?
-14
Let j(d) = d**3 + 294*d**2 - 377*d - 24407. Determine j(-295).
-217
Let y(d) = -4*d**3 - 332*d**2 - 2642*d - 84387. Determine y(-78).
9
Let g(j) = 229274*j + 34391128. Give g(-150).
28
Let k(a) = -18*a**3 - 2*a - 25. What is k(-3)?
467
Let y(w) = w**2 + 192*w - 1595. Determine y(8).
5
Let u(p) = 2*p**2 - 91*p + 181. What is u(48)?
421
Let f(g) = -3*g**2 + 84*g + 88171. Determine f(-158).
7
Let y(x) = 3*x**2 + 32*x - 96. What is y(-12)?
-48
Let b(a) = 636*a + 39594. Give b(-60).
1434
Let b(c) = c**2 + 53*c - 887. What is b(17)?
303
Let d(n) = -n**2 + 71*n - 897. Determine d(10).
-287
Let v(g) = 219*g**3 + 2747*g**2 - 1294*g + 65. Determine v(-13).
-13
Let w(o) = o**2 - 141*o - 6125. What is w(-36)?
247
Let n(j) = 35977*j - 683554. What is n(19)?
9
Let q(k) = 1107*k - 85288. What is q(77)?
-49
Let u(c) = 98169*c - 24542253. Calculate u(250).
-3
Let l(r) = 1145561*r - 10310058. Determine l(9).
-9
Let c(w) = -5*w**2 - 5*w + 1108. Give c(-15).
58
Let u(s) = s**3 - 26*s**2 + 57*s - 15. Calculate u(0).
-15
Let g(j) = 20*j**2 + 883*j - 10922. Determine g(10).
-92
Let k(n) = n**3 + 429*n**2 - 67900*n - 2273. Calculate k(-552).
-65
Let v(o) = -o**3 + 181*o**2 + 1243*o - 22221. Give v(187).
406
Let i(z) = 7*z**3 - 272*z**2 + 544*z - 65. Calculate i(2).
-9
Let d(w) = -467*w - 978. Determine d(-3).
423
Let j(r) = r**3 - 69*r**2 + 331*r + 694. Calculate j(64).
1398
Let t(u) = -45*u**2 - 525*u + 69. Determine t(-11).
399
Let r(s) = -2664*s**2 - 548*s + 550. What is r(1)?
-2662
Let b(i) = i**2 - 84419*i - 928761. What is b(-11)?
-31
Let o(a) = 1476*a + 272968. What is o(-185)?
-92
Let l(q) = -5*q**2 - 3548*q - 499483. Calculate l(-516).
5
Let z(i) = i**2 - 887*i - 136801. Give z(-134).
13
Let r(w) = -12*w**2 + 201*w - 1706. What is r(8)?
-866
Let v(g) = 190*g - 16192. Calculate v(86).
148
Let v(n) = -422*n - 1692. Determine v(-4).
-4
Let o(x) = 3680*x + 66124. What is o(-18)?
-116
Let j(g) = 1180*g + 49569. Give j(-42).
9
Let h(z) = z**2 + 152754*z - 7793066. Give h(51).
-11
Let n(s) = 3*s**2 - 2904*s - 14588. Give n(-5).
7
Let k(q) = -5*q**2 - 79*q + 116. What is k(3)?
-166
Let t(d) = 2*d**3 - 56*d**2 - 34*d - 45. What is t(28)?
-997
Let n(c) = -4*c**2 + 636*c - 3684. Give n(153).
-12
Let q(w) = 2*w**3 + 28*w**2 + 56*w + 327. Calculate q(-6).
567
Let d(m) = -1590*m - 61927. Give d(-39).
83
Let g(z) = -3*z**2 + 905*z + 19024. Calculate g(-21).
-1304
Let n(s) = -s**2 - 1701*s - 46791. Determine n(-28).
53
Let b(x) = -x**3 - 157*x**2 + 265*x - 9440. Give b(-159).
-1013
Let w(s) = -557026*s + 6127282. Determine w(11).
-4
Let x(y) = -3*y**3 + 19*y**2 - 584*y + 2880. What is x(5)?
60
Let p(g) = -g**2 + 179*g - 5143. What is p(108)?
2525
Let w(u) = -16091*u + 80436. Give w(5).
-19
Let q(n) = 2672*n**2 - 342017*n + 162. Calculate q(128).
34
Let p(t) = -115478*t - 58893773. Give p(-510).
7
Let d(n) = -n**2 - 7701*n + 161976. Determine d(21).
-186
Let g(m) = 9*m**3 - 28*m**2 - 567*m + 1166. Calculate g(2).
-8
Let j(a) = -2*a**2 - 14*a + 435. Calculate j(12).
-21
Let v(y) = 223*y - 3202. Give v(16).
366
Let y(m) = m**3 + 8*m**2 + 194*m - 953. Calculate y(4).
15
Let s(k) = -3*k**3 - 3*k**2 + 11*k - 26. What is s(-5)?
219
Let s(n) = -2622*n + 6516. What is s(3)?
-1350
Let v(u) = -23*u - 1258. Determine v(-70).
352
Let u(w) = -w**3 + 1341*w**2 - 12044*w + 74598. Give u(1332).
6
Let l(k) = 52136*k + 1563847. What is l(-30)?
-233
Let m(v) = 1236*v - 363410. What is m(294)?
-26
Let c(t) = -t**2 + 2204*t + 145141. Calculate c(-64).
-11
Let i(p) = 328*p**3 + 21*p**2 + 828*p + 806. Determine i(-1).
-329
Let n(w) = -3*w**2 - 2673*w + 88644. Give n(32).
36
Let z(f) = 258*f - 54710. What is z(204)?
-2078
Let o(m) = -127497*m - 51763789. Calculate o(-406).
-7
Let n(w) = -65*w*